{"id":58,"date":"2026-05-04T18:24:57","date_gmt":"2026-05-04T18:24:57","guid":{"rendered":"https:\/\/peptidkompass.wpenginepowered.com\/?page_id=58"},"modified":"2026-05-04T18:36:57","modified_gmt":"2026-05-04T18:36:57","slug":"impressum","status":"publish","type":"page","link":"https:\/\/peptidkompass.de\/?page_id=58","title":{"rendered":"Impressum"},"content":{"rendered":"\t\t<div data-elementor-type=\"wp-page\" data-elementor-id=\"58\" class=\"elementor elementor-58\" data-elementor-post-type=\"page\">\n\t\t\t\t<div class=\"elementor-element elementor-element-404b37a3 e-flex e-con-boxed e-con e-parent\" data-id=\"404b37a3\" data-element_type=\"container\" data-e-type=\"container\">\n\t\t\t\t\t<div class=\"e-con-inner\">\n\t\t\t\t<div class=\"elementor-element elementor-element-3a9e6c7c elementor-widget elementor-widget-heading\" data-id=\"3a9e6c7c\" data-element_type=\"widget\" data-e-type=\"widget\" data-widget_type=\"heading.default\">\n\t\t\t\t\t<h2 class=\"elementor-heading-title elementor-size-default\">Impressum<\/h2>\t\t\t\t<\/div>\n\t\t\t\t<div class=\"elementor-element elementor-element-7698bf3 elementor-widget elementor-widget-heading\" data-id=\"7698bf3\" data-element_type=\"widget\" data-e-type=\"widget\" data-widget_type=\"heading.default\">\n\t\t\t\t\t<div class=\"elementor-heading-title elementor-size-default\">Angaben gem\u00e4\u00df \u00a7 5 TMG<\/div>\t\t\t\t<\/div>\n\t\t\t\t<div class=\"elementor-element elementor-element-4eb98f3e elementor-widget elementor-widget-text-editor\" data-id=\"4eb98f3e\" data-element_type=\"widget\" data-e-type=\"widget\" data-widget_type=\"text-editor.default\">\n\t\t\t\t\t\t\t\t\t<p data-start=\"172\" data-end=\"237\">Heiko Lindner<br data-start=\"185\" data-end=\"188\" \/>Social Media Berater &amp; Online Marketing Experte<\/p><p data-start=\"239\" data-end=\"329\">Bahnw\u00e4rter Thiel<br data-start=\"255\" data-end=\"258\" \/>c\/o Heiko Lindner<br data-start=\"275\" data-end=\"278\" \/>Tumblingerstra\u00dfe 45<br data-start=\"297\" data-end=\"300\" \/>80337 M\u00fcnchen<br data-start=\"313\" data-end=\"316\" \/>Deutschland<\/p>\t\t\t\t\t\t\t\t<\/div>\n\t\t\t\t<div class=\"elementor-element elementor-element-9883b05 elementor-widget elementor-widget-heading\" data-id=\"9883b05\" data-element_type=\"widget\" data-e-type=\"widget\" data-widget_type=\"heading.default\">\n\t\t\t\t\t<div class=\"elementor-heading-title elementor-size-default\">Kontakt<\/div>\t\t\t\t<\/div>\n\t\t\t\t<div class=\"elementor-element elementor-element-9e2a0c0 elementor-widget elementor-widget-text-editor\" data-id=\"9e2a0c0\" data-element_type=\"widget\" data-e-type=\"widget\" data-widget_type=\"text-editor.default\">\n\t\t\t\t\t\t\t\t\t<p data-start=\"172\" data-end=\"237\">E-Mail: <span style=\"text-decoration: underline;\"><strong><a class=\"decorated-link cursor-pointer\" href=\"mailto:mail@heiko-lindner.net\" rel=\"noopener\" data-start=\"356\" data-end=\"378\">mail@heiko-lindner.net<\/a><\/strong><\/span><br data-start=\"378\" data-end=\"381\" \/>Telefon: +49 (0) 170 2450456<\/p>\t\t\t\t\t\t\t\t<\/div>\n\t\t\t\t<div class=\"elementor-element elementor-element-6aae406 elementor-widget elementor-widget-heading\" data-id=\"6aae406\" data-element_type=\"widget\" data-e-type=\"widget\" data-widget_type=\"heading.default\">\n\t\t\t\t\t<div class=\"elementor-heading-title elementor-size-default\">Umsatzsteuer-ID<\/div>\t\t\t\t<\/div>\n\t\t\t\t<div class=\"elementor-element elementor-element-5e2d79f elementor-widget elementor-widget-text-editor\" data-id=\"5e2d79f\" data-element_type=\"widget\" data-e-type=\"widget\" data-widget_type=\"text-editor.default\">\n\t\t\t\t\t\t\t\t\t<p data-start=\"172\" data-end=\"237\">Umsatzsteuer-Identifikationsnummer gem\u00e4\u00df \u00a7 27 a Umsatzsteuergesetz: DE 314868017<\/p>\t\t\t\t\t\t\t\t<\/div>\n\t\t\t\t<div class=\"elementor-element elementor-element-e27a84e elementor-widget elementor-widget-heading\" data-id=\"e27a84e\" data-element_type=\"widget\" data-e-type=\"widget\" data-widget_type=\"heading.default\">\n\t\t\t\t\t<div class=\"elementor-heading-title elementor-size-default\">Verantwortlich f\u00fcr den Inhalt nach \u00a7 55 Abs. 2 RStV<\/div>\t\t\t\t<\/div>\n\t\t\t\t<div class=\"elementor-element elementor-element-7b8b580 elementor-widget elementor-widget-text-editor\" data-id=\"7b8b580\" data-element_type=\"widget\" data-e-type=\"widget\" data-widget_type=\"text-editor.default\">\n\t\t\t\t\t\t\t\t\t<p data-start=\"770\" data-end=\"785\">Heiko Lindner<\/p><p data-start=\"787\" data-end=\"902\">Mitwirkende Autorinnen und Autoren:<br data-start=\"822\" data-end=\"825\" \/>Marlene-Sophie Meyer<br data-start=\"845\" data-end=\"848\" \/>Dhani Spiller<br data-start=\"861\" data-end=\"864\" \/>sowie Gastautorinnen und Gastautoren<\/p><p data-start=\"904\" data-end=\"1005\">Adresse:<br data-start=\"912\" data-end=\"915\" \/>Bahnw\u00e4rter Thiel<br data-start=\"931\" data-end=\"934\" \/>c\/o Heiko Lindner<br data-start=\"951\" data-end=\"954\" \/>Tumblingerstra\u00dfe 45<br data-start=\"973\" data-end=\"976\" \/>80337 M\u00fcnchen<br data-start=\"989\" data-end=\"992\" \/>Deutschland<\/p>\t\t\t\t\t\t\t\t<\/div>\n\t\t\t\t<div class=\"elementor-element elementor-element-63b5216 elementor-widget elementor-widget-heading\" data-id=\"63b5216\" data-element_type=\"widget\" data-e-type=\"widget\" data-widget_type=\"heading.default\">\n\t\t\t\t\t<div class=\"elementor-heading-title elementor-size-default\">Hinweis zu Inhalten<\/div>\t\t\t\t<\/div>\n\t\t\t\t<div class=\"elementor-element elementor-element-d73344b elementor-widget elementor-widget-text-editor\" data-id=\"d73344b\" data-element_type=\"widget\" data-e-type=\"widget\" data-widget_type=\"text-editor.default\">\n\t\t\t\t\t\t\t\t\t<p data-start=\"172\" data-end=\"237\">Die Inhalte dieses Blogs dienen ausschlie\u00dflich der Information und stellen keine medizinische, gesundheitliche oder rechtliche Beratung dar. Die dargestellten Inhalte basieren auf sorgf\u00e4ltiger Recherche, erheben jedoch keinen Anspruch auf Vollst\u00e4ndigkeit oder Aktualit\u00e4t. Die Nutzung der Inhalte erfolgt auf eigene Verantwortung.<\/p>\t\t\t\t\t\t\t\t<\/div>\n\t\t\t\t<div class=\"elementor-element elementor-element-9a72d80 elementor-widget elementor-widget-heading\" data-id=\"9a72d80\" data-element_type=\"widget\" data-e-type=\"widget\" data-widget_type=\"heading.default\">\n\t\t\t\t\t<div class=\"elementor-heading-title elementor-size-default\">Gesundheitlicher Hinweis<\/div>\t\t\t\t<\/div>\n\t\t\t\t<div class=\"elementor-element elementor-element-a5f1978 elementor-widget elementor-widget-text-editor\" data-id=\"a5f1978\" data-element_type=\"widget\" data-e-type=\"widget\" data-widget_type=\"text-editor.default\">\n\t\t\t\t\t\t\t\t\t<p data-start=\"1015\" data-end=\"1289\">Die Inhalte auf dieser Website, insbesondere zu Themen wie Hautpflege, Wirkstoffen oder biochemischen Prozessen, dienen ausschlie\u00dflich der allgemeinen Information. Sie ersetzen keine professionelle Beratung durch einen Arzt, Apotheker oder andere qualifizierte Fachpersonen.<\/p><p data-start=\"1291\" data-end=\"1398\">Bei gesundheitlichen Beschwerden oder Fragen solltest du dich immer an eine medizinische Fachperson wenden.<\/p>\t\t\t\t\t\t\t\t<\/div>\n\t\t\t\t<div class=\"elementor-element elementor-element-61b9845 elementor-widget elementor-widget-heading\" data-id=\"61b9845\" data-element_type=\"widget\" data-e-type=\"widget\" data-widget_type=\"heading.default\">\n\t\t\t\t\t<div class=\"elementor-heading-title elementor-size-default\">Hinweis zu Affiliate-Links und Werbung<\/div>\t\t\t\t<\/div>\n\t\t\t\t<div class=\"elementor-element elementor-element-ceb0bbb elementor-widget elementor-widget-text-editor\" data-id=\"ceb0bbb\" data-element_type=\"widget\" data-e-type=\"widget\" data-widget_type=\"text-editor.default\">\n\t\t\t\t\t\t\t\t\t<p data-start=\"1448\" data-end=\"1669\">Auf dieser Website k\u00f6nnen sogenannte Affiliate-Links verwendet werden. Wenn du \u00fcber einen solchen Link ein Produkt kaufst, erhalten wir unter Umst\u00e4nden eine Provision. F\u00fcr dich entstehen dadurch keine zus\u00e4tzlichen Kosten.<\/p><p data-start=\"1671\" data-end=\"1747\">Beitr\u00e4ge, die werbliche Inhalte enthalten, sind entsprechend gekennzeichnet.<\/p>\t\t\t\t\t\t\t\t<\/div>\n\t\t\t\t<div class=\"elementor-element elementor-element-92f1e92 elementor-widget elementor-widget-heading\" data-id=\"92f1e92\" data-element_type=\"widget\" data-e-type=\"widget\" data-widget_type=\"heading.default\">\n\t\t\t\t\t<div class=\"elementor-heading-title elementor-size-default\">EU-Streitschlichtung<\/div>\t\t\t\t<\/div>\n\t\t\t\t<div class=\"elementor-element elementor-element-938dca0 elementor-widget elementor-widget-text-editor\" data-id=\"938dca0\" data-element_type=\"widget\" data-e-type=\"widget\" data-widget_type=\"text-editor.default\">\n\t\t\t\t\t\t\t\t\t<p data-start=\"1779\" data-end=\"1906\">Die Europ\u00e4ische Kommission stellt eine Plattform zur Online-Streitbeilegung (OS) bereit:<br data-start=\"1867\" data-end=\"1870\" \/><span style=\"text-decoration: underline;\"><strong><a class=\"decorated-link\" href=\"https:\/\/ec.europa.eu\/consumers\/odr\" target=\"_new\" rel=\"noopener\" data-start=\"1870\" data-end=\"1904\">https:\/\/ec.europa.eu\/consumers\/odr<\/a><\/strong><\/span><\/p><p data-start=\"1908\" data-end=\"1959\">Unsere E-Mail-Adresse findest du oben im Impressum.<\/p>\t\t\t\t\t\t\t\t<\/div>\n\t\t\t\t<div class=\"elementor-element elementor-element-502e495 elementor-widget elementor-widget-heading\" data-id=\"502e495\" data-element_type=\"widget\" data-e-type=\"widget\" data-widget_type=\"heading.default\">\n\t\t\t\t\t<div class=\"elementor-heading-title elementor-size-default\">Verbraucherstreitbeilegung<\/div>\t\t\t\t<\/div>\n\t\t\t\t<div class=\"elementor-element elementor-element-b00a505 elementor-widget elementor-widget-text-editor\" data-id=\"b00a505\" data-element_type=\"widget\" data-e-type=\"widget\" data-widget_type=\"text-editor.default\">\n\t\t\t\t\t\t\t\t\t<p data-start=\"172\" data-end=\"237\">Wir sind nicht bereit oder verpflichtet, an Streitbeilegungsverfahren vor einer Verbraucherschlichtungsstelle teilzunehmen.<\/p>\t\t\t\t\t\t\t\t<\/div>\n\t\t\t\t<div class=\"elementor-element elementor-element-c1e42ec elementor-widget elementor-widget-heading\" data-id=\"c1e42ec\" data-element_type=\"widget\" data-e-type=\"widget\" data-widget_type=\"heading.default\">\n\t\t\t\t\t<div class=\"elementor-heading-title elementor-size-default\">Haftung f\u00fcr Inhalte<\/div>\t\t\t\t<\/div>\n\t\t\t\t<div class=\"elementor-element elementor-element-b45a277 elementor-widget elementor-widget-text-editor\" data-id=\"b45a277\" data-element_type=\"widget\" data-e-type=\"widget\" data-widget_type=\"text-editor.default\">\n\t\t\t\t\t\t\t\t\t<p data-start=\"2151\" data-end=\"2282\">Als Diensteanbieter sind wir gem\u00e4\u00df \u00a7 7 Abs.1 TMG f\u00fcr eigene Inhalte auf diesen Seiten nach den allgemeinen Gesetzen verantwortlich.<\/p><p data-start=\"2284\" data-end=\"2487\">Nach \u00a7\u00a7 8 bis 10 TMG sind wir jedoch nicht verpflichtet, \u00fcbermittelte oder gespeicherte fremde Informationen zu \u00fcberwachen oder nach Umst\u00e4nden zu forschen, die auf eine rechtswidrige T\u00e4tigkeit hinweisen.<\/p><p data-start=\"2489\" data-end=\"2721\">Verpflichtungen zur Entfernung oder Sperrung der Nutzung von Informationen nach den allgemeinen Gesetzen bleiben hiervon unber\u00fchrt. Eine Haftung ist jedoch erst ab dem Zeitpunkt der Kenntnis einer konkreten Rechtsverletzung m\u00f6glich.<\/p><p data-start=\"2723\" data-end=\"2819\">Bei Bekanntwerden entsprechender Rechtsverletzungen werden wir diese Inhalte umgehend entfernen.<\/p>\t\t\t\t\t\t\t\t<\/div>\n\t\t\t\t\t<\/div>\n\t\t\t\t<\/div>\n\t\t\t\t<\/div>\n\t\t","protected":false},"excerpt":{"rendered":"<p>Impressum Angaben gem\u00e4\u00df \u00a7 5 TMG Heiko LindnerSocial Media Berater &amp; Online Marketing Experte Bahnw\u00e4rter Thielc\/o Heiko LindnerTumblingerstra\u00dfe 4580337 M\u00fcnchenDeutschland Kontakt E-Mail: mail@heiko-lindner.netTelefon: +49 (0) 170 2450456 Umsatzsteuer-ID Umsatzsteuer-Identifikationsnummer gem\u00e4\u00df \u00a7 27 a Umsatzsteuergesetz: DE 314868017 Verantwortlich f\u00fcr den Inhalt nach \u00a7 55 Abs. 2 RStV Heiko Lindner Mitwirkende Autorinnen und Autoren:Marlene-Sophie MeyerDhani Spillersowie Gastautorinnen &hellip;<\/p>\n","protected":false},"author":2,"featured_media":0,"parent":0,"menu_order":0,"comment_status":"closed","ping_status":"closed","template":"elementor_header_footer","meta":{"_genesis_block_theme_hide_title":false,"footnotes":""},"class_list":["post-58","page","type-page","status-publish","hentry","post","without-featured-image"],"featured_image_src":null,"featured_image_src_square":null,"_links":{"self":[{"href":"https:\/\/peptidkompass.de\/index.php?rest_route=\/wp\/v2\/pages\/58","targetHints":{"allow":["GET"]}}],"collection":[{"href":"https:\/\/peptidkompass.de\/index.php?rest_route=\/wp\/v2\/pages"}],"about":[{"href":"https:\/\/peptidkompass.de\/index.php?rest_route=\/wp\/v2\/types\/page"}],"author":[{"embeddable":true,"href":"https:\/\/peptidkompass.de\/index.php?rest_route=\/wp\/v2\/users\/2"}],"replies":[{"embeddable":true,"href":"https:\/\/peptidkompass.de\/index.php?rest_route=%2Fwp%2Fv2%2Fcomments&post=58"}],"version-history":[{"count":0,"href":"https:\/\/peptidkompass.de\/index.php?rest_route=\/wp\/v2\/pages\/58\/revisions"}],"wp:attachment":[{"href":"https:\/\/peptidkompass.de\/index.php?rest_route=%2Fwp%2Fv2%2Fmedia&parent=58"}],"curies":[{"name":"wp","href":"https:\/\/api.w.org\/{rel}","templated":true}]}}