{"id":28,"date":"2026-04-22T19:00:50","date_gmt":"2026-04-22T19:00:50","guid":{"rendered":"https:\/\/peptidkompass.wpenginepowered.com\/?page_id=28"},"modified":"2026-05-05T07:29:54","modified_gmt":"2026-05-05T07:29:54","slug":"ueber-uns","status":"publish","type":"page","link":"https:\/\/peptidkompass.de\/?page_id=28","title":{"rendered":"\u00dcber uns"},"content":{"rendered":"\t\t<div data-elementor-type=\"wp-page\" data-elementor-id=\"28\" class=\"elementor elementor-28\" data-elementor-post-type=\"page\">\n\t\t\t\t<div class=\"elementor-element elementor-element-fe6083e e-flex e-con-boxed e-con e-parent\" data-id=\"fe6083e\" data-element_type=\"container\" data-e-type=\"container\">\n\t\t\t\t\t<div class=\"e-con-inner\">\n\t\t\t\t<div class=\"elementor-element elementor-element-3254926 elementor-widget elementor-widget-text-editor\" data-id=\"3254926\" data-element_type=\"widget\" data-e-type=\"widget\" data-widget_type=\"text-editor.default\">\n\t\t\t\t\t\t\t\t\t<p><span style=\"display: inline-flex; align-items: center; gap: 12px;\"><span style=\"font-family: Inter,sans-serif; font-size: 11px; font-weight: 600; letter-spacing: 0.2em; text-transform: uppercase; color: #c4956a;\">WeR Wird Sind<\/span><\/span><\/p>\t\t\t\t\t\t\t\t<\/div>\n\t\t\t\t<div class=\"elementor-element elementor-element-4cd74f0 elementor-widget elementor-widget-heading\" data-id=\"4cd74f0\" data-element_type=\"widget\" data-e-type=\"widget\" data-widget_type=\"heading.default\">\n\t\t\t\t\t<h2 class=\"elementor-heading-title elementor-size-default\">Drei Menschen. <br>\nEine Mission.<\/h2>\t\t\t\t<\/div>\n\t\t\t\t<div class=\"elementor-element elementor-element-0391475 elementor-widget__width-initial elementor-widget elementor-widget-text-editor\" data-id=\"0391475\" data-element_type=\"widget\" data-e-type=\"widget\" data-widget_type=\"text-editor.default\">\n\t\t\t\t\t\t\t\t\t<p>Peptid-Kompass ist ein unabh\u00e4ngiger Blog, der komplexe Forschung \u00fcber Peptide in Health &amp; Beauty verst\u00e4ndlich und ehrlich erkl\u00e4rt. Gegr\u00fcndet von drei Menschen, die selbst nach verl\u00e4sslichen Antworten gesucht haben.<\/p>\t\t\t\t\t\t\t\t<\/div>\n\t\t\t\t\t<\/div>\n\t\t\t\t<\/div>\n\t\t<div class=\"elementor-element elementor-element-4cd03e7f e-flex e-con-boxed e-con e-parent\" data-id=\"4cd03e7f\" data-element_type=\"container\" data-e-type=\"container\">\n\t\t\t\t\t<div class=\"e-con-inner\">\n\t\t<div class=\"elementor-element elementor-element-541ba434 e-con-full e-flex e-con e-child\" data-id=\"541ba434\" data-element_type=\"container\" data-e-type=\"container\">\n\t\t\t\t<div class=\"elementor-element elementor-element-140be62f elementor-widget elementor-widget-text-editor\" data-id=\"140be62f\" data-element_type=\"widget\" data-e-type=\"widget\" data-widget_type=\"text-editor.default\">\n\t\t\t\t\t\t\t\t\t<p><span style=\"display: inline-flex; align-items: center; gap: 12px;\"><span style=\"font-family: Inter,sans-serif; font-size: 11px; font-weight: 600; letter-spacing: 0.2em; text-transform: uppercase; color: #c4956a;\"><span style=\"font-family: Inter,sans-serif; font-size: 11px; font-weight: 600; letter-spacing: 0.2em; text-transform: uppercase; color: #1b3f7a;\">Unsere Mission<\/span><\/span><\/span><\/p>\t\t\t\t\t\t\t\t<\/div>\n\t\t\t\t<div class=\"elementor-element elementor-element-41f31bd3 elementor-widget elementor-widget-heading\" data-id=\"41f31bd3\" data-element_type=\"widget\" data-e-type=\"widget\" data-widget_type=\"heading.default\">\n\t\t\t\t\t<h2 class=\"elementor-heading-title elementor-size-default\">Orientierung statt \u00dcberflutung.<\/h2>\t\t\t\t<\/div>\n\t\t\t\t<div class=\"elementor-element elementor-element-75af2777 elementor-widget__width-initial elementor-widget elementor-widget-text-editor\" data-id=\"75af2777\" data-element_type=\"widget\" data-e-type=\"widget\" data-widget_type=\"text-editor.default\">\n\t\t\t\t\t\t\t\t\t<p class=\"leading-relaxed mb-4\" data-loc=\"client\/src\/pages\/About.tsx:127\">Der Peptid-Markt w\u00e4chst rasant. Bis 2032 wird er ein Volumen von fast 5 Milliarden US-Dollar erreichen. Mit diesem Wachstum kommen Fehlinformationen, \u00fcbertriebene Versprechen und Verwirrung.<\/p><p class=\"leading-relaxed mb-4\" data-loc=\"client\/src\/pages\/About.tsx:132\">Wir \u00fcbersetzen wissenschaftliche Studien in verst\u00e4ndliche Sprache ohne die Komplexit\u00e4t zu verleugnen. Faktenbasiert, transparent, ohne Interessenkonflikte.<\/p><p class=\"font-medium\" data-loc=\"client\/src\/pages\/About.tsx:136\">Kein Produktverkauf. Keine bezahlten Empfehlungen. Nur Wissen.<\/p>\t\t\t\t\t\t\t\t<\/div>\n\t\t\t\t<\/div>\n\t\t<div class=\"elementor-element elementor-element-5c908a8d e-con-full e-flex e-con e-child\" data-id=\"5c908a8d\" data-element_type=\"container\" data-e-type=\"container\">\n\t\t\t\t<div class=\"elementor-element elementor-element-75035948 elementor-widget elementor-widget-image\" data-id=\"75035948\" data-element_type=\"widget\" data-e-type=\"widget\" data-widget_type=\"image.default\">\n\t\t\t\t\t\t\t\t\t\t\t\t\t\t\t<img fetchpriority=\"high\" decoding=\"async\" width=\"765\" height=\"1024\" src=\"https:\/\/peptidkompass.de\/wp-content\/uploads\/2026\/04\/blog_hero_peptide-765x1024.png\" class=\"elementor-animation-bob attachment-large size-large wp-image-32\" alt=\"\" srcset=\"https:\/\/peptidkompass.de\/wp-content\/uploads\/2026\/04\/blog_hero_peptide-765x1024.png 765w, https:\/\/peptidkompass.de\/wp-content\/uploads\/2026\/04\/blog_hero_peptide-224x300.png 224w, https:\/\/peptidkompass.de\/wp-content\/uploads\/2026\/04\/blog_hero_peptide-768x1029.png 768w, https:\/\/peptidkompass.de\/wp-content\/uploads\/2026\/04\/blog_hero_peptide-1147x1536.png 1147w, https:\/\/peptidkompass.de\/wp-content\/uploads\/2026\/04\/blog_hero_peptide-1529x2048.png 1529w, https:\/\/peptidkompass.de\/wp-content\/uploads\/2026\/04\/blog_hero_peptide-1200x1607.png 1200w, https:\/\/peptidkompass.de\/wp-content\/uploads\/2026\/04\/blog_hero_peptide-1400x1875.png 1400w, https:\/\/peptidkompass.de\/wp-content\/uploads\/2026\/04\/blog_hero_peptide-300x402.png 300w, https:\/\/peptidkompass.de\/wp-content\/uploads\/2026\/04\/blog_hero_peptide.png 1792w\" sizes=\"(max-width: 765px) 100vw, 765px\" \/>\t\t\t\t\t\t\t\t\t\t\t\t\t\t\t<\/div>\n\t\t\t\t<\/div>\n\t\t\t\t\t<\/div>\n\t\t\t\t<\/div>\n\t\t<div class=\"elementor-element elementor-element-5de562e e-flex e-con-boxed e-con e-parent\" data-id=\"5de562e\" data-element_type=\"container\" data-e-type=\"container\">\n\t\t\t\t\t<div class=\"e-con-inner\">\n\t\t\t\t<div class=\"elementor-element elementor-element-7f281c52 elementor-widget elementor-widget-text-editor\" data-id=\"7f281c52\" data-element_type=\"widget\" data-e-type=\"widget\" data-widget_type=\"text-editor.default\">\n\t\t\t\t\t\t\t\t\t<p><span style=\"display: inline-flex; align-items: center; gap: 12px;\"><span style=\"font-family: Inter,sans-serif; font-size: 11px; font-weight: 600; letter-spacing: 0.2em; text-transform: uppercase; color: #c4956a;\"><span style=\"font-family: Inter,sans-serif; font-size: 11px; font-weight: 600; letter-spacing: 0.2em; text-transform: uppercase; color: #1b3f7a;\">UNSERE WERTE<\/span><\/span><\/span><\/p>\t\t\t\t\t\t\t\t<\/div>\n\t\t\t\t<div class=\"elementor-element elementor-element-4735f032 elementor-widget elementor-widget-heading\" data-id=\"4735f032\" data-element_type=\"widget\" data-e-type=\"widget\" data-widget_type=\"heading.default\">\n\t\t\t\t\t<h2 class=\"elementor-heading-title elementor-size-default\">Was uns antreibt.<\/h2>\t\t\t\t<\/div>\n\t\t\t\t<div class=\"elementor-element elementor-element-9056c4f elementor-widget__width-initial elementor-widget elementor-widget-text-editor\" data-id=\"9056c4f\" data-element_type=\"widget\" data-e-type=\"widget\" data-widget_type=\"text-editor.default\">\n\t\t\t\t\t\t\t\t\t<p class=\"leading-relaxed mb-4\" data-loc=\"client\/src\/pages\/About.tsx:127\">Diese drei Grunds\u00e4tze leiten jede Entscheidung, die wir als Blog treffen.<\/p>\t\t\t\t\t\t\t\t<\/div>\n\t\t\t\t\t<\/div>\n\t\t\t\t<\/div>\n\t\t<div class=\"elementor-element elementor-element-e22fc55 e-flex e-con-boxed e-con e-parent\" data-id=\"e22fc55\" data-element_type=\"container\" data-e-type=\"container\">\n\t\t\t\t\t<div class=\"e-con-inner\">\n\t\t<div class=\"elementor-element elementor-element-8751ec8 e-con-full e-flex e-con e-child\" data-id=\"8751ec8\" data-element_type=\"container\" data-e-type=\"container\">\n\t\t\t\t<div class=\"elementor-element elementor-element-af0744d elementor-widget elementor-widget-heading\" data-id=\"af0744d\" data-element_type=\"widget\" data-e-type=\"widget\" data-widget_type=\"heading.default\">\n\t\t\t\t\t<h2 class=\"elementor-heading-title elementor-size-default\">Wissenschaftliche Integrit\u00e4t\n<\/h2>\t\t\t\t<\/div>\n\t\t\t\t<\/div>\n\t\t<div class=\"elementor-element elementor-element-ec1cc95 e-con-full e-flex e-con e-child\" data-id=\"ec1cc95\" data-element_type=\"container\" data-e-type=\"container\">\n\t\t\t\t<div class=\"elementor-element elementor-element-2c6b67d elementor-widget elementor-widget-heading\" data-id=\"2c6b67d\" data-element_type=\"widget\" data-e-type=\"widget\" data-widget_type=\"heading.default\">\n\t\t\t\t\t<h2 class=\"elementor-heading-title elementor-size-default\">Zug\u00e4nglichkeit<\/h2>\t\t\t\t<\/div>\n\t\t\t\t<\/div>\n\t\t<div class=\"elementor-element elementor-element-400287c e-con-full e-flex e-con e-child\" data-id=\"400287c\" data-element_type=\"container\" data-e-type=\"container\">\n\t\t\t\t<div class=\"elementor-element elementor-element-b8738bd elementor-widget elementor-widget-heading\" data-id=\"b8738bd\" data-element_type=\"widget\" data-e-type=\"widget\" data-widget_type=\"heading.default\">\n\t\t\t\t\t<h2 class=\"elementor-heading-title elementor-size-default\">Unabh\u00e4ngikeit<\/h2>\t\t\t\t<\/div>\n\t\t\t\t<\/div>\n\t\t\t\t\t<\/div>\n\t\t\t\t<\/div>\n\t\t<div class=\"elementor-element elementor-element-925f0a5 e-flex e-con-boxed e-con e-parent\" data-id=\"925f0a5\" data-element_type=\"container\" data-e-type=\"container\">\n\t\t\t\t\t<div class=\"e-con-inner\">\n\t\t<div class=\"elementor-element elementor-element-36dcb28 e-con-full e-flex e-con e-child\" data-id=\"36dcb28\" data-element_type=\"container\" data-e-type=\"container\">\n\t\t\t\t<div class=\"elementor-element elementor-element-548388a elementor-widget__width-initial elementor-widget elementor-widget-text-editor\" data-id=\"548388a\" data-element_type=\"widget\" data-e-type=\"widget\" data-widget_type=\"text-editor.default\">\n\t\t\t\t\t\t\t\t\t<p class=\"leading-relaxed mb-4\" data-loc=\"client\/src\/pages\/About.tsx:127\">Jede Aussage basiert auf peer-reviewten Studien. Wir unterscheiden klar zwischen gesichertem Wissen und vorl\u00e4ufiger Forschung.<\/p>\t\t\t\t\t\t\t\t<\/div>\n\t\t\t\t<\/div>\n\t\t<div class=\"elementor-element elementor-element-8091cd3 e-con-full e-flex e-con e-child\" data-id=\"8091cd3\" data-element_type=\"container\" data-e-type=\"container\">\n\t\t\t\t<div class=\"elementor-element elementor-element-c6f6013 elementor-widget__width-initial elementor-widget elementor-widget-text-editor\" data-id=\"c6f6013\" data-element_type=\"widget\" data-e-type=\"widget\" data-widget_type=\"text-editor.default\">\n\t\t\t\t\t\t\t\t\t<p class=\"leading-relaxed mb-4\" data-loc=\"client\/src\/pages\/About.tsx:127\">Komplexe Biochemie verst\u00e4ndlich erkl\u00e4rt, ohne Vereinfachung, die der Wahrheit schadet. F\u00fcr Einsteiger und Fortgeschrittene.<\/p>\t\t\t\t\t\t\t\t<\/div>\n\t\t\t\t<\/div>\n\t\t<div class=\"elementor-element elementor-element-7e1d794 e-con-full e-flex e-con e-child\" data-id=\"7e1d794\" data-element_type=\"container\" data-e-type=\"container\">\n\t\t\t\t<div class=\"elementor-element elementor-element-26ac81f elementor-widget__width-initial elementor-widget elementor-widget-text-editor\" data-id=\"26ac81f\" data-element_type=\"widget\" data-e-type=\"widget\" data-widget_type=\"text-editor.default\">\n\t\t\t\t\t\t\t\t\t<p class=\"leading-relaxed mb-4\" data-loc=\"client\/src\/pages\/About.tsx:127\">Keine versteckte Produktwerbung, keine versteckten Affiliate-Links. Unsere Empfehlungen sind frei von kommerziellen Interessen.<\/p>\t\t\t\t\t\t\t\t<\/div>\n\t\t\t\t<\/div>\n\t\t\t\t\t<\/div>\n\t\t\t\t<\/div>\n\t\t<div class=\"elementor-element elementor-element-34cafb4 e-flex e-con-boxed e-con e-parent\" data-id=\"34cafb4\" data-element_type=\"container\" data-e-type=\"container\">\n\t\t\t\t\t<div class=\"e-con-inner\">\n\t\t\t\t<div class=\"elementor-element elementor-element-974b0b9 elementor-widget elementor-widget-text-editor\" data-id=\"974b0b9\" data-element_type=\"widget\" data-e-type=\"widget\" data-widget_type=\"text-editor.default\">\n\t\t\t\t\t\t\t\t\t<p><span style=\"display: inline-flex; align-items: center; gap: 12px;\"><span style=\"font-family: Inter,sans-serif; font-size: 11px; font-weight: 600; letter-spacing: 0.2em; text-transform: uppercase; color: #c4956a;\"><span style=\"font-family: Inter,sans-serif; font-size: 11px; font-weight: 600; letter-spacing: 0.2em; text-transform: uppercase; color: #1b3f7a;\">Das Team<\/span><\/span><\/span><\/p>\t\t\t\t\t\t\t\t<\/div>\n\t\t\t\t<div class=\"elementor-element elementor-element-040ea38 elementor-widget elementor-widget-heading\" data-id=\"040ea38\" data-element_type=\"widget\" data-e-type=\"widget\" data-widget_type=\"heading.default\">\n\t\t\t\t\t<h2 class=\"elementor-heading-title elementor-size-default\">Die Menschen hinter PeptidKompass.<\/h2>\t\t\t\t<\/div>\n\t\t\t\t<div class=\"elementor-element elementor-element-1beb515 elementor-widget__width-initial elementor-widget elementor-widget-text-editor\" data-id=\"1beb515\" data-element_type=\"widget\" data-e-type=\"widget\" data-widget_type=\"text-editor.default\">\n\t\t\t\t\t\t\t\t\t<p class=\"leading-relaxed mb-4\" data-loc=\"client\/src\/pages\/About.tsx:127\">Drei Perspektiven. Ein gemeinsames Ziel: verl\u00e4ssliches Wissen \u00fcber Peptide zug\u00e4nglich machen.<\/p>\t\t\t\t\t\t\t\t<\/div>\n\t\t\t\t\t<\/div>\n\t\t\t\t<\/div>\n\t\t<div class=\"elementor-element elementor-element-42b883f e-flex e-con-boxed e-con e-parent\" data-id=\"42b883f\" data-element_type=\"container\" data-e-type=\"container\">\n\t\t\t\t\t<div class=\"e-con-inner\">\n\t\t<div class=\"elementor-element elementor-element-073f4a6 e-con-full e-flex e-con e-child\" data-id=\"073f4a6\" data-element_type=\"container\" data-e-type=\"container\">\n\t\t<div class=\"elementor-element elementor-element-5ef38b24 e-con-full e-flex e-con e-child\" data-id=\"5ef38b24\" data-element_type=\"container\" data-e-type=\"container\">\n\t\t\t\t<div class=\"elementor-element elementor-element-61344ca elementor-widget elementor-widget-heading\" data-id=\"61344ca\" data-element_type=\"widget\" data-e-type=\"widget\" data-widget_type=\"heading.default\">\n\t\t\t\t\t<h2 class=\"elementor-heading-title elementor-size-default\">Heiko Lindner<\/h2>\t\t\t\t<\/div>\n\t\t\t\t<div class=\"elementor-element elementor-element-2bcaa77b elementor-widget__width-initial elementor-widget elementor-widget-text-editor\" data-id=\"2bcaa77b\" data-element_type=\"widget\" data-e-type=\"widget\" data-widget_type=\"text-editor.default\">\n\t\t\t\t\t\t\t\t\t<p>Wissenschaft &amp; Recherche<\/p>\t\t\t\t\t\t\t\t<\/div>\n\t\t\t\t<div class=\"elementor-element elementor-element-7012cb16 elementor-widget__width-initial elementor-widget elementor-widget-text-editor\" data-id=\"7012cb16\" data-element_type=\"widget\" data-e-type=\"widget\" data-widget_type=\"text-editor.default\">\n\t\t\t\t\t\t\t\t\t<p>Heiko bringt den wissenschaftlichen Blick ins Team. Er analysiert Studien, bewertet Wirkstoff-Daten und sorgt daf\u00fcr, dass jede Aussage auf Peptid-Kompass belegbar ist.<\/p>\t\t\t\t\t\t\t\t<\/div>\n\t\t\t\t<\/div>\n\t\t\t\t<\/div>\n\t\t<div class=\"elementor-element elementor-element-622f20b e-con-full e-flex e-con e-child\" data-id=\"622f20b\" data-element_type=\"container\" data-e-type=\"container\">\n\t\t<div class=\"elementor-element elementor-element-a91c535 e-con-full e-flex e-con e-child\" data-id=\"a91c535\" data-element_type=\"container\" data-e-type=\"container\">\n\t\t\t\t<div class=\"elementor-element elementor-element-b37ce18 elementor-widget elementor-widget-heading\" data-id=\"b37ce18\" data-element_type=\"widget\" data-e-type=\"widget\" data-widget_type=\"heading.default\">\n\t\t\t\t\t<h2 class=\"elementor-heading-title elementor-size-default\">Marlene-Sophie Meyer<\/h2>\t\t\t\t<\/div>\n\t\t\t\t<div class=\"elementor-element elementor-element-24f76bc elementor-widget__width-initial elementor-widget elementor-widget-text-editor\" data-id=\"24f76bc\" data-element_type=\"widget\" data-e-type=\"widget\" data-widget_type=\"text-editor.default\">\n\t\t\t\t\t\t\t\t\t<p>Beauty &amp; Anwendung<\/p>\t\t\t\t\t\t\t\t<\/div>\n\t\t\t\t<div class=\"elementor-element elementor-element-d8ff09f elementor-widget__width-initial elementor-widget elementor-widget-text-editor\" data-id=\"d8ff09f\" data-element_type=\"widget\" data-e-type=\"widget\" data-widget_type=\"text-editor.default\">\n\t\t\t\t\t\t\t\t\t<p>Marlene-Sophie verbindet Wissenschaft mit Alltagspraxis. Sie testet Produkte, erkl\u00e4rt Inhaltsstoffe und macht komplexe Hautpflege-Chemie f\u00fcr alle verst\u00e4ndlich.<\/p>\t\t\t\t\t\t\t\t<\/div>\n\t\t\t\t<\/div>\n\t\t\t\t<\/div>\n\t\t<div class=\"elementor-element elementor-element-f5cee28 e-con-full e-flex e-con e-child\" data-id=\"f5cee28\" data-element_type=\"container\" data-e-type=\"container\">\n\t\t<div class=\"elementor-element elementor-element-1c9bd2a e-con-full e-flex e-con e-child\" data-id=\"1c9bd2a\" data-element_type=\"container\" data-e-type=\"container\">\n\t\t\t\t<div class=\"elementor-element elementor-element-5221570 elementor-widget elementor-widget-heading\" data-id=\"5221570\" data-element_type=\"widget\" data-e-type=\"widget\" data-widget_type=\"heading.default\">\n\t\t\t\t\t<h2 class=\"elementor-heading-title elementor-size-default\">Dhani Spiller<\/h2>\t\t\t\t<\/div>\n\t\t\t\t<div class=\"elementor-element elementor-element-fb91cdc elementor-widget__width-initial elementor-widget elementor-widget-text-editor\" data-id=\"fb91cdc\" data-element_type=\"widget\" data-e-type=\"widget\" data-widget_type=\"text-editor.default\">\n\t\t\t\t\t\t\t\t\t<p>Biohacking &amp; Performance<\/p>\t\t\t\t\t\t\t\t<\/div>\n\t\t\t\t<div class=\"elementor-element elementor-element-6eece0e elementor-widget__width-initial elementor-widget elementor-widget-text-editor\" data-id=\"6eece0e\" data-element_type=\"widget\" data-e-type=\"widget\" data-widget_type=\"text-editor.default\">\n\t\t\t\t\t\t\t\t\t<p>Dhani beleuchtet die Schnittstelle von Peptiden und k\u00f6rperlicher Leistung. Regeneration, Biohacking und die Frage, wie Peptide das volle Potenzial des K\u00f6rpers unterst\u00fctzen.<\/p>\t\t\t\t\t\t\t\t<\/div>\n\t\t\t\t<\/div>\n\t\t\t\t<\/div>\n\t\t\t\t\t<\/div>\n\t\t\t\t<\/div>\n\t\t<div class=\"elementor-element elementor-element-39f8cbc4 e-flex e-con-boxed e-con e-parent\" data-id=\"39f8cbc4\" data-element_type=\"container\" data-e-type=\"container\">\n\t\t\t\t\t<div class=\"e-con-inner\">\n\t\t<div class=\"elementor-element elementor-element-53c40147 e-con-full e-flex e-con e-child\" data-id=\"53c40147\" data-element_type=\"container\" data-e-type=\"container\">\n\t\t\t\t<div class=\"elementor-element elementor-element-536b7f28 elementor-widget elementor-widget-text-editor\" data-id=\"536b7f28\" data-element_type=\"widget\" data-e-type=\"widget\" data-widget_type=\"text-editor.default\">\n\t\t\t\t\t\t\t\t\t<p><span style=\"display: inline-flex; align-items: center; gap: 12px;\"><span style=\"font-family: Inter,sans-serif; font-size: 11px; font-weight: 600; letter-spacing: 0.2em; text-transform: uppercase; color: #c4956a;\"><span style=\"font-family: Inter,sans-serif; font-size: 11px; font-weight: 600; letter-spacing: 0.2em; text-transform: uppercase; color: #1b3f7a;\">UNSER ANSATZ<\/span><\/span><\/span><\/p>\t\t\t\t\t\t\t\t<\/div>\n\t\t\t\t<div class=\"elementor-element elementor-element-6c31c581 elementor-widget elementor-widget-heading\" data-id=\"6c31c581\" data-element_type=\"widget\" data-e-type=\"widget\" data-widget_type=\"heading.default\">\n\t\t\t\t\t<h2 class=\"elementor-heading-title elementor-size-default\">Wie wir schreiben.<\/h2>\t\t\t\t<\/div>\n\t\t\t\t<div class=\"elementor-element elementor-element-3207f6e1 elementor-widget__width-initial elementor-widget elementor-widget-text-editor\" data-id=\"3207f6e1\" data-element_type=\"widget\" data-e-type=\"widget\" data-widget_type=\"text-editor.default\">\n\t\t\t\t\t\t\t\t\t<p class=\"leading-relaxed mb-4\" data-loc=\"client\/src\/pages\/About.tsx:256\">Jeder Artikel auf Peptid-Kompass folgt demselben Prinzip: Wir beginnen mit der Wissenschaft, nicht mit dem Produkt. Wir zitieren Quellen, benennen Unsicherheiten und erkl\u00e4ren, was wirklich belegt ist und was nicht.<\/p><p class=\"leading-relaxed mb-8\" data-loc=\"client\/src\/pages\/About.tsx:261\">Unsere Artikel richten sich an alle, die fundierte Entscheidungen treffen wollen ob in der Hautpflege, beim Biohacking oder in der Ern\u00e4hrung.<\/p>\t\t\t\t\t\t\t\t<\/div>\n\t\t\t\t<div class=\"elementor-element elementor-element-2691a0e5 elementor-widget elementor-widget-button\" data-id=\"2691a0e5\" data-element_type=\"widget\" data-e-type=\"widget\" data-widget_type=\"button.default\">\n\t\t\t\t\t\t\t\t\t\t<a class=\"elementor-button elementor-button-link elementor-size-sm\" href=\"https:\/\/peptidkompass.de\/?page_id=26\">\n\t\t\t\t\t\t<span class=\"elementor-button-content-wrapper\">\n\t\t\t\t\t\t\t\t\t<span class=\"elementor-button-text\">Unsere Artikel lesen<\/span>\n\t\t\t\t\t<\/span>\n\t\t\t\t\t<\/a>\n\t\t\t\t\t\t\t\t<\/div>\n\t\t\t\t<\/div>\n\t\t<div class=\"elementor-element elementor-element-60893985 e-con-full e-flex e-con e-child\" data-id=\"60893985\" data-element_type=\"container\" data-e-type=\"container\">\n\t\t\t\t<div class=\"elementor-element elementor-element-615c951c elementor-widget elementor-widget-image\" data-id=\"615c951c\" data-element_type=\"widget\" data-e-type=\"widget\" data-widget_type=\"image.default\">\n\t\t\t\t\t\t\t\t\t\t\t\t\t\t\t<img decoding=\"async\" width=\"1024\" height=\"572\" src=\"https:\/\/peptidkompass.de\/wp-content\/uploads\/2026\/04\/about_image-1024x572.png\" class=\"elementor-animation-bob attachment-large size-large wp-image-45\" alt=\"\" srcset=\"https:\/\/peptidkompass.de\/wp-content\/uploads\/2026\/04\/about_image-1024x572.png 1024w, https:\/\/peptidkompass.de\/wp-content\/uploads\/2026\/04\/about_image-300x167.png 300w, https:\/\/peptidkompass.de\/wp-content\/uploads\/2026\/04\/about_image-768x429.png 768w, https:\/\/peptidkompass.de\/wp-content\/uploads\/2026\/04\/about_image-1536x857.png 1536w, https:\/\/peptidkompass.de\/wp-content\/uploads\/2026\/04\/about_image-2048x1143.png 2048w, https:\/\/peptidkompass.de\/wp-content\/uploads\/2026\/04\/about_image-1200x670.png 1200w, https:\/\/peptidkompass.de\/wp-content\/uploads\/2026\/04\/about_image-1400x781.png 1400w\" sizes=\"(max-width: 1024px) 100vw, 1024px\" \/>\t\t\t\t\t\t\t\t\t\t\t\t\t\t\t<\/div>\n\t\t\t\t<\/div>\n\t\t\t\t\t<\/div>\n\t\t\t\t<\/div>\n\t\t\t\t<\/div>\n\t\t","protected":false},"excerpt":{"rendered":"<p>WeR Wird Sind Drei Menschen. Eine Mission. Peptid-Kompass ist ein unabh\u00e4ngiger Blog, der komplexe Forschung \u00fcber Peptide in Health &amp; Beauty verst\u00e4ndlich und ehrlich erkl\u00e4rt. Gegr\u00fcndet von drei Menschen, die selbst nach verl\u00e4sslichen Antworten gesucht haben. Unsere Mission Orientierung statt \u00dcberflutung. Der Peptid-Markt w\u00e4chst rasant. Bis 2032 wird er ein Volumen von fast 5 Milliarden &hellip;<\/p>\n","protected":false},"author":2,"featured_media":0,"parent":0,"menu_order":0,"comment_status":"closed","ping_status":"closed","template":"elementor_header_footer","meta":{"_genesis_block_theme_hide_title":false,"footnotes":""},"class_list":["post-28","page","type-page","status-publish","hentry","post","without-featured-image"],"featured_image_src":null,"featured_image_src_square":null,"_links":{"self":[{"href":"https:\/\/peptidkompass.de\/index.php?rest_route=\/wp\/v2\/pages\/28","targetHints":{"allow":["GET"]}}],"collection":[{"href":"https:\/\/peptidkompass.de\/index.php?rest_route=\/wp\/v2\/pages"}],"about":[{"href":"https:\/\/peptidkompass.de\/index.php?rest_route=\/wp\/v2\/types\/page"}],"author":[{"embeddable":true,"href":"https:\/\/peptidkompass.de\/index.php?rest_route=\/wp\/v2\/users\/2"}],"replies":[{"embeddable":true,"href":"https:\/\/peptidkompass.de\/index.php?rest_route=%2Fwp%2Fv2%2Fcomments&post=28"}],"version-history":[{"count":0,"href":"https:\/\/peptidkompass.de\/index.php?rest_route=\/wp\/v2\/pages\/28\/revisions"}],"wp:attachment":[{"href":"https:\/\/peptidkompass.de\/index.php?rest_route=%2Fwp%2Fv2%2Fmedia&parent=28"}],"curies":[{"name":"wp","href":"https:\/\/api.w.org\/{rel}","templated":true}]}}